{"id":1390,"date":"2022-05-17T12:47:12","date_gmt":"2022-05-17T12:47:12","guid":{"rendered":"https:\/\/wurbex.com.pl\/ckz\/?page_id=1390"},"modified":"2022-05-17T12:47:15","modified_gmt":"2022-05-17T12:47:15","slug":"zamow-szkolenia-online-dla-swoich-pracownikow","status":"publish","type":"page","link":"https:\/\/wurbex.com.pl\/ckz\/zamow-szkolenia-online-dla-swoich-pracownikow\/","title":{"rendered":"Zam\u00f3w szkolenia online dla swoich pracownik\u00f3w"},"content":{"rendered":"<div class=\"wpforms-container wpforms-container-full\" id=\"wpforms-1394\"><form id=\"wpforms-form-1394\" class=\"wpforms-validate wpforms-form wpforms-ajax-form\" data-formid=\"1394\" method=\"post\" enctype=\"multipart\/form-data\" action=\"\/ckz\/wp-json\/wp\/v2\/pages\/1390\" data-token=\"4bacc4527ff69d00c345a2503316c6ee\"><noscript class=\"wpforms-error-noscript\">Please enable JavaScript in your browser to complete this form.<\/noscript><div class=\"wpforms-field-container\"><div id=\"wpforms-1394-field_4-container\" class=\"wpforms-field wpforms-field-select wpforms-field-select-style-modern\" data-field-id=\"4\"><label class=\"wpforms-field-label\" for=\"wpforms-1394-field_4\">Nazwa szkolenia  <span class=\"wpforms-required-label\">*<\/span><\/label><select id=\"wpforms-1394-field_4\" class=\"wpforms-field-large wpforms-field-required choicesjs-select\" data-size-class=\"wpforms-field-row wpforms-field-large\" data-search-enabled=\"1\" name=\"wpforms[fields][4]\" required=\"required\"><option value=\"\" class=\"placeholder\" disabled  selected='selected'> Kurs pedagogiczny dla instruktor\u00f3w praktycznej nauki zawodu<\/option><option value=\"1317\" > Kurs pedagogiczny dla instruktor\u00f3w praktycznej nauki zawodu<\/option><option value=\"1294\" > Szkolenie okresowe bhp dla kadry in\u017cynieryjno-technicznych<\/option><option value=\"1298\" > Szkolenie okresowe bhp dla kadry kierowniczej plac\u00f3wek o\u015bwiatowych<\/option><option value=\"1302\" > Szkolenie okresowe bhp dla kadry pedagogicznej<\/option><option value=\"1183\" > Szkolenie okresowe bhp dla pracodawc\u00f3w i os\u00f3b kieruj\u0105cych pracownikami<\/option><option value=\"1314\" > Szkolenie okresowe bhp dla pracodawc\u00f3w wykonuj\u0105cych zadania s\u0142u\u017cby bezpiecze\u0144stwa i higieny pracy<\/option><option value=\"1283\" > Szkolenie okresowe bhp dla pracownik\u00f3w administracyjno-biurowych<\/option><option value=\"1305\" > Szkolenie okresowe bhp dla pracownik\u00f3w ochrony zdrowia i personelu medycznego<\/option><option value=\"1311\" > Szkolenie okresowe bhp dla pracownik\u00f3w s\u0142u\u017cby bezpiecze\u0144stwa i higieny pracy oraz os\u00f3b wykonuj\u0105cych zadania tej s\u0142u\u017cby<\/option><option value=\"1308\" > Szkolenie w zakresie metod prowadzenia instrukta\u017cu stanowiskowego bhp<\/option><option value=\"1923\" > SZTUCZNA INTELIGENCJA W PRACY NAUCZYCIELA          (I NIE TYLKO)<\/option><\/select><\/div><div id=\"wpforms-1394-field_13-container\" class=\"wpforms-field wpforms-field-number\" data-field-id=\"13\"><label class=\"wpforms-field-label\" for=\"wpforms-1394-field_13\">Liczba os\u00f3b zg\u0142aszanych do szkolenia  <span class=\"wpforms-required-label\">*<\/span><\/label><input type=\"number\" pattern=\"\\d*\" id=\"wpforms-1394-field_13\" class=\"wpforms-field-small wpforms-field-required\" name=\"wpforms[fields][13]\" required><\/div><div id=\"wpforms-1394-field_0-container\" class=\"wpforms-field wpforms-field-name\" data-field-id=\"0\"><label class=\"wpforms-field-label\" for=\"wpforms-1394-field_0\">Nazwa Firmy <span class=\"wpforms-required-label\">*<\/span><\/label><input type=\"text\" id=\"wpforms-1394-field_0\" class=\"wpforms-field-large wpforms-field-required\" name=\"wpforms[fields][0]\" required><\/div><div id=\"wpforms-1394-field_5-container\" class=\"wpforms-field wpforms-field-text\" data-field-id=\"5\"><label class=\"wpforms-field-label\" for=\"wpforms-1394-field_5\">NIP <span class=\"wpforms-required-label\">*<\/span><\/label><input type=\"text\" id=\"wpforms-1394-field_5\" class=\"wpforms-field-medium wpforms-field-required wpforms-limit-characters-enabled\" data-form-id=\"1394\" data-field-id=\"5\" data-text-limit=\"10\" name=\"wpforms[fields][5]\" maxlength=\"10\" required><\/div><div id=\"wpforms-1394-field_6-container\" class=\"wpforms-field wpforms-field-text\" data-field-id=\"6\"><label class=\"wpforms-field-label\" for=\"wpforms-1394-field_6\">Adres firmy  <span class=\"wpforms-required-label\">*<\/span><\/label><input type=\"text\" id=\"wpforms-1394-field_6\" class=\"wpforms-field-medium wpforms-field-required\" name=\"wpforms[fields][6]\" required><\/div><div id=\"wpforms-1394-field_1-container\" class=\"wpforms-field wpforms-field-email\" data-field-id=\"1\"><label class=\"wpforms-field-label\" for=\"wpforms-1394-field_1\">Email <span class=\"wpforms-required-label\">*<\/span><\/label><input type=\"email\" id=\"wpforms-1394-field_1\" class=\"wpforms-field-medium wpforms-field-required\" name=\"wpforms[fields][1]\" required><\/div><div id=\"wpforms-1394-field_8-container\" class=\"wpforms-field wpforms-field-text\" data-field-id=\"8\"><label class=\"wpforms-field-label\" for=\"wpforms-1394-field_8\">Imi\u0119 i nazwisko osoby kontaktowej ds. szkole\u0144  <span class=\"wpforms-required-label\">*<\/span><\/label><input type=\"text\" id=\"wpforms-1394-field_8\" class=\"wpforms-field-medium wpforms-field-required\" name=\"wpforms[fields][8]\" required><\/div><div id=\"wpforms-1394-field_10-container\" class=\"wpforms-field wpforms-field-email\" data-field-id=\"10\"><label class=\"wpforms-field-label\" for=\"wpforms-1394-field_10\">Email osoby kontaktowej ds. szkole\u0144 <span class=\"wpforms-required-label\">*<\/span><\/label><input type=\"email\" id=\"wpforms-1394-field_10\" class=\"wpforms-field-small wpforms-field-required\" name=\"wpforms[fields][10]\" required><\/div><div id=\"wpforms-1394-field_14-container\" class=\"wpforms-field wpforms-field-text\" data-field-id=\"14\"><label class=\"wpforms-field-label\" for=\"wpforms-1394-field_14\">Numer telefonu osoby kontaktowej ds. szkole\u0144 <span class=\"wpforms-required-label\">*<\/span><\/label><input type=\"text\" id=\"wpforms-1394-field_14\" class=\"wpforms-field-small wpforms-field-required\" name=\"wpforms[fields][14]\" required><\/div><div id=\"wpforms-1394-field_2-container\" class=\"wpforms-field wpforms-field-textarea\" data-field-id=\"2\"><label class=\"wpforms-field-label\" for=\"wpforms-1394-field_2\">Dodatkowe pytania lub uwagi <\/label><textarea id=\"wpforms-1394-field_2\" class=\"wpforms-field-medium\" name=\"wpforms[fields][2]\" ><\/textarea><\/div><div id=\"wpforms-1394-field_15-container\" class=\"wpforms-field wpforms-field-checkbox\" data-field-id=\"15\"><label class=\"wpforms-field-label\" for=\"wpforms-1394-field_15\">Zgoda <span class=\"wpforms-required-label\">*<\/span><\/label><ul id=\"wpforms-1394-field_15\" class=\"wpforms-field-required\"><li class=\"choice-1 depth-1\"><input type=\"checkbox\" id=\"wpforms-1394-field_15_1\" name=\"wpforms[fields][15][]\" value=\"Wyra\u017cam zgod\u0119 na przetwarzanie podanych przeze mnie danych i informuj\u0119, \u017ce zapozna\u0142em si\u0119 z Zasadami przetwarzania danych osobowych w CKZ WURBEX Wadowice przekazanymi na podstawie art.13 og\u00f3lnego rozporz\u0105dzenia o ochronie danych osobowych (RODO).\" required ><label class=\"wpforms-field-label-inline\" for=\"wpforms-1394-field_15_1\">Wyra\u017cam zgod\u0119 na przetwarzanie podanych przeze mnie danych i informuj\u0119, \u017ce zapozna\u0142em si\u0119 z Zasadami przetwarzania danych osobowych w CKZ WURBEX Wadowice przekazanymi na podstawie art.13 og\u00f3lnego rozporz\u0105dzenia o ochronie danych osobowych (RODO).<\/label><\/li><\/ul><\/div><div id=\"wpforms-1394-field_16-container\" class=\"wpforms-field wpforms-field-checkbox\" data-field-id=\"16\"><label class=\"wpforms-field-label\" for=\"wpforms-1394-field_16\">Akceptacja regulaminu <span class=\"wpforms-required-label\">*<\/span><\/label><ul id=\"wpforms-1394-field_16\" class=\"wpforms-field-required\"><li class=\"choice-1 depth-1\"><input type=\"checkbox\" id=\"wpforms-1394-field_16_1\" name=\"wpforms[fields][16][]\" value=\"Zapozna\u0142em\/am si\u0119 z Regulaminem \u015bwiadczenia us\u0142ug drog\u0105 elektroniczn\u0105 wydany na postawie art. 8 ust. 1 pkt 1 Ustawy z dnia 18 lipca 2002 roku i akceptuj\u0119 jego warunki. \" required ><label class=\"wpforms-field-label-inline\" for=\"wpforms-1394-field_16_1\">Zapozna\u0142em\/am si\u0119 z Regulaminem \u015bwiadczenia us\u0142ug drog\u0105 elektroniczn\u0105 wydany na postawie art. 8 ust. 1 pkt 1 Ustawy z dnia 18 lipca 2002 roku i akceptuj\u0119 jego warunki. <\/label><\/li><\/ul><\/div><\/div><div class=\"wpforms-recaptcha-container wpforms-is-recaptcha\"><div class=\"g-recaptcha\" data-sitekey=\"6LdYjCgbAAAAAIZKu1XsuKcGkUBB4qh7o45X9hsQ\"><\/div><input type=\"text\" name=\"g-recaptcha-hidden\" class=\"wpforms-recaptcha-hidden\" style=\"position:absolute!important;clip:rect(0,0,0,0)!important;height:1px!important;width:1px!important;border:0!important;overflow:hidden!important;padding:0!important;margin:0!important;\" required><\/div><div class=\"wpforms-submit-container\"><input type=\"hidden\" name=\"wpforms[id]\" value=\"1394\"><input type=\"hidden\" name=\"wpforms[author]\" value=\"2\"><button type=\"submit\" name=\"wpforms[submit]\" id=\"wpforms-submit-1394\" class=\"wpforms-submit\" data-alt-text=\"ZAPISZ\" data-submit-text=\"ZAPISZ \" aria-live=\"assertive\" value=\"wpforms-submit\">ZAPISZ <\/button><img src=\"https:\/\/wurbex.com.pl\/ckz\/wp-content\/plugins\/wpforms-lite\/assets\/images\/submit-spin.svg\" class=\"wpforms-submit-spinner\" style=\"display: none;\" width=\"26\" height=\"26\" alt=\"\"><\/div><\/form><\/div>  <!-- .wpforms-container -->","protected":false},"excerpt":{"rendered":"","protected":false},"author":2,"featured_media":0,"parent":0,"menu_order":0,"comment_status":"closed","ping_status":"closed","template":"","meta":{"spay_email":""},"yoast_head":"<!-- This site is optimized with the Yoast SEO plugin v18.8 - https:\/\/yoast.com\/wordpress\/plugins\/seo\/ -->\n<title>Zam\u00f3w szkolenia online dla swoich pracownik\u00f3w - WURBEX CKZ<\/title>\n<meta name=\"description\" content=\"Zapisz wi\u0119ksz\u0105 ilo\u015b\u0107 pracownik\u00f3w na szkolenia online realizowane e-learningowo. Uzyskaj za\u015bwiadczenia MEN bez wychodzenia z domu!\" \/>\n<meta name=\"robots\" content=\"index, follow, max-snippet:-1, max-image-preview:large, max-video-preview:-1\" \/>\n<link rel=\"canonical\" href=\"https:\/\/wurbex.com.pl\/ckz\/zamow-szkolenia-online-dla-swoich-pracownikow\/\" \/>\n<meta property=\"og:locale\" content=\"pl_PL\" \/>\n<meta property=\"og:type\" content=\"article\" \/>\n<meta property=\"og:title\" content=\"Zam\u00f3w szkolenia online dla swoich pracownik\u00f3w - WURBEX CKZ\" \/>\n<meta property=\"og:description\" content=\"Zapisz wi\u0119ksz\u0105 ilo\u015b\u0107 pracownik\u00f3w na szkolenia online realizowane e-learningowo. Uzyskaj za\u015bwiadczenia MEN bez wychodzenia z domu!\" \/>\n<meta property=\"og:url\" content=\"https:\/\/wurbex.com.pl\/ckz\/zamow-szkolenia-online-dla-swoich-pracownikow\/\" \/>\n<meta property=\"og:site_name\" content=\"WURBEX CKZ\" \/>\n<meta property=\"article:publisher\" content=\"https:\/\/www.facebook.com\/wurbex.ckz\" \/>\n<meta property=\"article:modified_time\" content=\"2022-05-17T12:47:15+00:00\" \/>\n<meta name=\"twitter:card\" content=\"summary_large_image\" \/>\n<script type=\"application\/ld+json\" class=\"yoast-schema-graph\">{\"@context\":\"https:\/\/schema.org\",\"@graph\":[{\"@type\":\"Organization\",\"@id\":\"https:\/\/wurbex.com.pl\/ckz\/#organization\",\"name\":\"Centrum Kszta\u0142cenia Zawodowego WURBEX\",\"url\":\"https:\/\/wurbex.com.pl\/ckz\/\",\"sameAs\":[\"https:\/\/www.facebook.com\/wurbex.ckz\"],\"logo\":{\"@type\":\"ImageObject\",\"inLanguage\":\"pl-PL\",\"@id\":\"https:\/\/wurbex.com.pl\/ckz\/#\/schema\/logo\/image\/\",\"url\":\"https:\/\/wurbex.com.pl\/ckz\/wp-content\/uploads\/2022\/04\/LOGO-BEZ-TLA.png\",\"contentUrl\":\"https:\/\/wurbex.com.pl\/ckz\/wp-content\/uploads\/2022\/04\/LOGO-BEZ-TLA.png\",\"width\":500,\"height\":500,\"caption\":\"Centrum Kszta\u0142cenia Zawodowego WURBEX\"},\"image\":{\"@id\":\"https:\/\/wurbex.com.pl\/ckz\/#\/schema\/logo\/image\/\"}},{\"@type\":\"WebSite\",\"@id\":\"https:\/\/wurbex.com.pl\/ckz\/#website\",\"url\":\"https:\/\/wurbex.com.pl\/ckz\/\",\"name\":\"WURBEX CKZ\",\"description\":\"Centrum Kszta\u0142cenia Zawodowego WURBEX Wadowice\",\"publisher\":{\"@id\":\"https:\/\/wurbex.com.pl\/ckz\/#organization\"},\"potentialAction\":[{\"@type\":\"SearchAction\",\"target\":{\"@type\":\"EntryPoint\",\"urlTemplate\":\"https:\/\/wurbex.com.pl\/ckz\/?s={search_term_string}\"},\"query-input\":\"required name=search_term_string\"}],\"inLanguage\":\"pl-PL\"},{\"@type\":\"WebPage\",\"@id\":\"https:\/\/wurbex.com.pl\/ckz\/zamow-szkolenia-online-dla-swoich-pracownikow\/#webpage\",\"url\":\"https:\/\/wurbex.com.pl\/ckz\/zamow-szkolenia-online-dla-swoich-pracownikow\/\",\"name\":\"Zam\u00f3w szkolenia online dla swoich pracownik\u00f3w - WURBEX CKZ\",\"isPartOf\":{\"@id\":\"https:\/\/wurbex.com.pl\/ckz\/#website\"},\"datePublished\":\"2022-05-17T12:47:12+00:00\",\"dateModified\":\"2022-05-17T12:47:15+00:00\",\"description\":\"Zapisz wi\u0119ksz\u0105 ilo\u015b\u0107 pracownik\u00f3w na szkolenia online realizowane e-learningowo. Uzyskaj za\u015bwiadczenia MEN bez wychodzenia z domu!\",\"breadcrumb\":{\"@id\":\"https:\/\/wurbex.com.pl\/ckz\/zamow-szkolenia-online-dla-swoich-pracownikow\/#breadcrumb\"},\"inLanguage\":\"pl-PL\",\"potentialAction\":[{\"@type\":\"ReadAction\",\"target\":[\"https:\/\/wurbex.com.pl\/ckz\/zamow-szkolenia-online-dla-swoich-pracownikow\/\"]}]},{\"@type\":\"BreadcrumbList\",\"@id\":\"https:\/\/wurbex.com.pl\/ckz\/zamow-szkolenia-online-dla-swoich-pracownikow\/#breadcrumb\",\"itemListElement\":[{\"@type\":\"ListItem\",\"position\":1,\"name\":\"Strona g\u0142\u00f3wna\",\"item\":\"https:\/\/wurbex.com.pl\/ckz\/\"},{\"@type\":\"ListItem\",\"position\":2,\"name\":\"Zam\u00f3w szkolenia online dla swoich pracownik\u00f3w\"}]}]}<\/script>\n<!-- \/ Yoast SEO plugin. -->","yoast_head_json":{"title":"Zam\u00f3w szkolenia online dla swoich pracownik\u00f3w - WURBEX CKZ","description":"Zapisz wi\u0119ksz\u0105 ilo\u015b\u0107 pracownik\u00f3w na szkolenia online realizowane e-learningowo. Uzyskaj za\u015bwiadczenia MEN bez wychodzenia z domu!","robots":{"index":"index","follow":"follow","max-snippet":"max-snippet:-1","max-image-preview":"max-image-preview:large","max-video-preview":"max-video-preview:-1"},"canonical":"https:\/\/wurbex.com.pl\/ckz\/zamow-szkolenia-online-dla-swoich-pracownikow\/","og_locale":"pl_PL","og_type":"article","og_title":"Zam\u00f3w szkolenia online dla swoich pracownik\u00f3w - WURBEX CKZ","og_description":"Zapisz wi\u0119ksz\u0105 ilo\u015b\u0107 pracownik\u00f3w na szkolenia online realizowane e-learningowo. Uzyskaj za\u015bwiadczenia MEN bez wychodzenia z domu!","og_url":"https:\/\/wurbex.com.pl\/ckz\/zamow-szkolenia-online-dla-swoich-pracownikow\/","og_site_name":"WURBEX CKZ","article_publisher":"https:\/\/www.facebook.com\/wurbex.ckz","article_modified_time":"2022-05-17T12:47:15+00:00","twitter_card":"summary_large_image","schema":{"@context":"https:\/\/schema.org","@graph":[{"@type":"Organization","@id":"https:\/\/wurbex.com.pl\/ckz\/#organization","name":"Centrum Kszta\u0142cenia Zawodowego WURBEX","url":"https:\/\/wurbex.com.pl\/ckz\/","sameAs":["https:\/\/www.facebook.com\/wurbex.ckz"],"logo":{"@type":"ImageObject","inLanguage":"pl-PL","@id":"https:\/\/wurbex.com.pl\/ckz\/#\/schema\/logo\/image\/","url":"https:\/\/wurbex.com.pl\/ckz\/wp-content\/uploads\/2022\/04\/LOGO-BEZ-TLA.png","contentUrl":"https:\/\/wurbex.com.pl\/ckz\/wp-content\/uploads\/2022\/04\/LOGO-BEZ-TLA.png","width":500,"height":500,"caption":"Centrum Kszta\u0142cenia Zawodowego WURBEX"},"image":{"@id":"https:\/\/wurbex.com.pl\/ckz\/#\/schema\/logo\/image\/"}},{"@type":"WebSite","@id":"https:\/\/wurbex.com.pl\/ckz\/#website","url":"https:\/\/wurbex.com.pl\/ckz\/","name":"WURBEX CKZ","description":"Centrum Kszta\u0142cenia Zawodowego WURBEX Wadowice","publisher":{"@id":"https:\/\/wurbex.com.pl\/ckz\/#organization"},"potentialAction":[{"@type":"SearchAction","target":{"@type":"EntryPoint","urlTemplate":"https:\/\/wurbex.com.pl\/ckz\/?s={search_term_string}"},"query-input":"required name=search_term_string"}],"inLanguage":"pl-PL"},{"@type":"WebPage","@id":"https:\/\/wurbex.com.pl\/ckz\/zamow-szkolenia-online-dla-swoich-pracownikow\/#webpage","url":"https:\/\/wurbex.com.pl\/ckz\/zamow-szkolenia-online-dla-swoich-pracownikow\/","name":"Zam\u00f3w szkolenia online dla swoich pracownik\u00f3w - WURBEX CKZ","isPartOf":{"@id":"https:\/\/wurbex.com.pl\/ckz\/#website"},"datePublished":"2022-05-17T12:47:12+00:00","dateModified":"2022-05-17T12:47:15+00:00","description":"Zapisz wi\u0119ksz\u0105 ilo\u015b\u0107 pracownik\u00f3w na szkolenia online realizowane e-learningowo. Uzyskaj za\u015bwiadczenia MEN bez wychodzenia z domu!","breadcrumb":{"@id":"https:\/\/wurbex.com.pl\/ckz\/zamow-szkolenia-online-dla-swoich-pracownikow\/#breadcrumb"},"inLanguage":"pl-PL","potentialAction":[{"@type":"ReadAction","target":["https:\/\/wurbex.com.pl\/ckz\/zamow-szkolenia-online-dla-swoich-pracownikow\/"]}]},{"@type":"BreadcrumbList","@id":"https:\/\/wurbex.com.pl\/ckz\/zamow-szkolenia-online-dla-swoich-pracownikow\/#breadcrumb","itemListElement":[{"@type":"ListItem","position":1,"name":"Strona g\u0142\u00f3wna","item":"https:\/\/wurbex.com.pl\/ckz\/"},{"@type":"ListItem","position":2,"name":"Zam\u00f3w szkolenia online dla swoich pracownik\u00f3w"}]}]}},"_links":{"self":[{"href":"https:\/\/wurbex.com.pl\/ckz\/wp-json\/wp\/v2\/pages\/1390"}],"collection":[{"href":"https:\/\/wurbex.com.pl\/ckz\/wp-json\/wp\/v2\/pages"}],"about":[{"href":"https:\/\/wurbex.com.pl\/ckz\/wp-json\/wp\/v2\/types\/page"}],"author":[{"embeddable":true,"href":"https:\/\/wurbex.com.pl\/ckz\/wp-json\/wp\/v2\/users\/2"}],"replies":[{"embeddable":true,"href":"https:\/\/wurbex.com.pl\/ckz\/wp-json\/wp\/v2\/comments?post=1390"}],"version-history":[{"count":2,"href":"https:\/\/wurbex.com.pl\/ckz\/wp-json\/wp\/v2\/pages\/1390\/revisions"}],"predecessor-version":[{"id":1395,"href":"https:\/\/wurbex.com.pl\/ckz\/wp-json\/wp\/v2\/pages\/1390\/revisions\/1395"}],"wp:attachment":[{"href":"https:\/\/wurbex.com.pl\/ckz\/wp-json\/wp\/v2\/media?parent=1390"}],"curies":[{"name":"wp","href":"https:\/\/api.w.org\/{rel}","templated":true}]}}