{"id":7,"date":"2020-04-26T09:33:14","date_gmt":"2020-04-26T09:33:14","guid":{"rendered":"http:\/\/wurbex.com.pl\/ckz\/?page_id=7"},"modified":"2021-06-09T17:18:04","modified_gmt":"2021-06-09T17:18:04","slug":"o-nas","status":"publish","type":"page","link":"https:\/\/wurbex.com.pl\/ckz\/o-nas\/","title":{"rendered":"O nas"},"content":{"rendered":"\n<p><strong>Czym si\u0119 zajmujemy<\/strong><\/p>\n\n\n\n<p>Naszym podstawowym zadaniem jest organizowanie i prowadzenie szkole\u0144. Prowadzimy szkolenia w r\u00f3\u017cnych kategoriach:<\/p>\n\n\n\n<ul><li>szkolenia mi\u0119kkie<\/li><li>szkolenia zawodowe<\/li><li>szkolenia biznesowe<\/li><\/ul>\n\n\n\n<p>Aby sprosta\u0107 oczekiwaniom klient\u00f3w i wymogom rynku nieustannie powi\u0119kszamy swoj\u0105 ofert\u0119 szkoleniow\u0105.<\/p>\n\n\n\n<p><strong>Nasze atuty<\/strong><\/p>\n\n\n\n<p>Do prowadzenia zaj\u0119\u0107 zatrudniamy wyk\u0142adowc\u00f3w posiadaj\u0105cych najwy\u017csze kwalifikacje pedagogiczne i zawodowe. Kwalifikacje wyk\u0142adowc\u00f3w s\u0105 potwierdzone dyplomami, certyfikatami, za\u015bwiadczeniami o posiadanych kwalifikacjach.<\/p>\n\n\n\n<p>Ponadto Centrum posiada niezb\u0119dne zaplecze techniczne i organizacyjne do prowadzenia dzia\u0142alno\u015bci szkoleniowej. Posiadamy sprz\u0119t i pomoce naukowe niezb\u0119dne do realizacji zada\u0144 edukacyjnych oraz sale wyk\u0142adowe.<\/p>\n\n\n\n<p><strong>Zapraszamy na nasz\u0105 stron\u0119<\/strong><\/p>\n\n\n\n<p>Centrum Posiada Akredytacj\u0119 Kuratora O\u015bwiaty oraz Wpis do Rejestru Instytucji Szkoleniowych Wojew\u00f3dzkiego Urz\u0119du Pracy w Krakowie.<\/p>\n\n\n\n<p><strong>W celu realizacji us\u0142ug rozwojowych finansowanych ze \u015brodk\u00f3w publicznych uzyskali\u015bmy zgod\u0119 na pos\u0142ugiwanie si\u0119 Znakiem Jako\u015bci TGLS Quality Alliance.<\/strong><\/p>\n","protected":false},"excerpt":{"rendered":"<p>Czym si\u0119 zajmujemy Naszym podstawowym zadaniem jest organizowanie i prowadzenie szkole\u0144. Prowadzimy szkolenia w r\u00f3\u017cnych kategoriach: szkolenia mi\u0119kkie szkolenia zawodowe szkolenia biznesowe Aby sprosta\u0107 oczekiwaniom klient\u00f3w i wymogom rynku nieustannie powi\u0119kszamy swoj\u0105 ofert\u0119 szkoleniow\u0105. Nasze atuty Do prowadzenia zaj\u0119\u0107 zatrudniamy wyk\u0142adowc\u00f3w posiadaj\u0105cych najwy\u017csze kwalifikacje pedagogiczne i zawodowe. Kwalifikacje wyk\u0142adowc\u00f3w s\u0105 potwierdzone dyplomami, certyfikatami, za\u015bwiadczeniami o [&hellip;]<\/p>\n","protected":false},"author":1,"featured_media":0,"parent":0,"menu_order":0,"comment_status":"closed","ping_status":"closed","template":"","meta":{"spay_email":""},"yoast_head":"<!-- This site is optimized with the Yoast SEO plugin v18.8 - https:\/\/yoast.com\/wordpress\/plugins\/seo\/ -->\n<title>O nas - WURBEX CKZ<\/title>\n<meta name=\"robots\" content=\"index, follow, max-snippet:-1, max-image-preview:large, max-video-preview:-1\" \/>\n<link rel=\"canonical\" href=\"https:\/\/wurbex.com.pl\/ckz\/o-nas\/\" \/>\n<meta property=\"og:locale\" content=\"pl_PL\" \/>\n<meta property=\"og:type\" content=\"article\" \/>\n<meta property=\"og:title\" content=\"O nas - WURBEX CKZ\" \/>\n<meta property=\"og:description\" content=\"Czym si\u0119 zajmujemy Naszym podstawowym zadaniem jest organizowanie i prowadzenie szkole\u0144. Prowadzimy szkolenia w r\u00f3\u017cnych kategoriach: szkolenia mi\u0119kkie szkolenia zawodowe szkolenia biznesowe Aby sprosta\u0107 oczekiwaniom klient\u00f3w i wymogom rynku nieustannie powi\u0119kszamy swoj\u0105 ofert\u0119 szkoleniow\u0105. Nasze atuty Do prowadzenia zaj\u0119\u0107 zatrudniamy wyk\u0142adowc\u00f3w posiadaj\u0105cych najwy\u017csze kwalifikacje pedagogiczne i zawodowe. Kwalifikacje wyk\u0142adowc\u00f3w s\u0105 potwierdzone dyplomami, certyfikatami, za\u015bwiadczeniami o [&hellip;]\" \/>\n<meta property=\"og:url\" content=\"https:\/\/wurbex.com.pl\/ckz\/o-nas\/\" \/>\n<meta property=\"og:site_name\" content=\"WURBEX CKZ\" \/>\n<meta property=\"article:publisher\" content=\"https:\/\/www.facebook.com\/wurbex.ckz\" \/>\n<meta property=\"article:modified_time\" content=\"2021-06-09T17:18:04+00:00\" \/>\n<meta name=\"twitter:card\" content=\"summary_large_image\" \/>\n<meta name=\"twitter:label1\" content=\"Szacowany czas czytania\" \/>\n\t<meta name=\"twitter:data1\" content=\"1 minuta\" \/>\n<script type=\"application\/ld+json\" class=\"yoast-schema-graph\">{\"@context\":\"https:\/\/schema.org\",\"@graph\":[{\"@type\":\"Organization\",\"@id\":\"https:\/\/wurbex.com.pl\/ckz\/#organization\",\"name\":\"Centrum Kszta\u0142cenia Zawodowego WURBEX\",\"url\":\"https:\/\/wurbex.com.pl\/ckz\/\",\"sameAs\":[\"https:\/\/www.facebook.com\/wurbex.ckz\"],\"logo\":{\"@type\":\"ImageObject\",\"inLanguage\":\"pl-PL\",\"@id\":\"https:\/\/wurbex.com.pl\/ckz\/#\/schema\/logo\/image\/\",\"url\":\"https:\/\/wurbex.com.pl\/ckz\/wp-content\/uploads\/2022\/04\/LOGO-BEZ-TLA.png\",\"contentUrl\":\"https:\/\/wurbex.com.pl\/ckz\/wp-content\/uploads\/2022\/04\/LOGO-BEZ-TLA.png\",\"width\":500,\"height\":500,\"caption\":\"Centrum Kszta\u0142cenia Zawodowego WURBEX\"},\"image\":{\"@id\":\"https:\/\/wurbex.com.pl\/ckz\/#\/schema\/logo\/image\/\"}},{\"@type\":\"WebSite\",\"@id\":\"https:\/\/wurbex.com.pl\/ckz\/#website\",\"url\":\"https:\/\/wurbex.com.pl\/ckz\/\",\"name\":\"WURBEX CKZ\",\"description\":\"Centrum Kszta\u0142cenia Zawodowego WURBEX Wadowice\",\"publisher\":{\"@id\":\"https:\/\/wurbex.com.pl\/ckz\/#organization\"},\"potentialAction\":[{\"@type\":\"SearchAction\",\"target\":{\"@type\":\"EntryPoint\",\"urlTemplate\":\"https:\/\/wurbex.com.pl\/ckz\/?s={search_term_string}\"},\"query-input\":\"required name=search_term_string\"}],\"inLanguage\":\"pl-PL\"},{\"@type\":\"WebPage\",\"@id\":\"https:\/\/wurbex.com.pl\/ckz\/o-nas\/#webpage\",\"url\":\"https:\/\/wurbex.com.pl\/ckz\/o-nas\/\",\"name\":\"O nas - WURBEX CKZ\",\"isPartOf\":{\"@id\":\"https:\/\/wurbex.com.pl\/ckz\/#website\"},\"datePublished\":\"2020-04-26T09:33:14+00:00\",\"dateModified\":\"2021-06-09T17:18:04+00:00\",\"breadcrumb\":{\"@id\":\"https:\/\/wurbex.com.pl\/ckz\/o-nas\/#breadcrumb\"},\"inLanguage\":\"pl-PL\",\"potentialAction\":[{\"@type\":\"ReadAction\",\"target\":[\"https:\/\/wurbex.com.pl\/ckz\/o-nas\/\"]}]},{\"@type\":\"BreadcrumbList\",\"@id\":\"https:\/\/wurbex.com.pl\/ckz\/o-nas\/#breadcrumb\",\"itemListElement\":[{\"@type\":\"ListItem\",\"position\":1,\"name\":\"Strona g\u0142\u00f3wna\",\"item\":\"https:\/\/wurbex.com.pl\/ckz\/\"},{\"@type\":\"ListItem\",\"position\":2,\"name\":\"O nas\"}]}]}<\/script>\n<!-- \/ Yoast SEO plugin. -->","yoast_head_json":{"title":"O nas - WURBEX CKZ","robots":{"index":"index","follow":"follow","max-snippet":"max-snippet:-1","max-image-preview":"max-image-preview:large","max-video-preview":"max-video-preview:-1"},"canonical":"https:\/\/wurbex.com.pl\/ckz\/o-nas\/","og_locale":"pl_PL","og_type":"article","og_title":"O nas - WURBEX CKZ","og_description":"Czym si\u0119 zajmujemy Naszym podstawowym zadaniem jest organizowanie i prowadzenie szkole\u0144. Prowadzimy szkolenia w r\u00f3\u017cnych kategoriach: szkolenia mi\u0119kkie szkolenia zawodowe szkolenia biznesowe Aby sprosta\u0107 oczekiwaniom klient\u00f3w i wymogom rynku nieustannie powi\u0119kszamy swoj\u0105 ofert\u0119 szkoleniow\u0105. Nasze atuty Do prowadzenia zaj\u0119\u0107 zatrudniamy wyk\u0142adowc\u00f3w posiadaj\u0105cych najwy\u017csze kwalifikacje pedagogiczne i zawodowe. Kwalifikacje wyk\u0142adowc\u00f3w s\u0105 potwierdzone dyplomami, certyfikatami, za\u015bwiadczeniami o [&hellip;]","og_url":"https:\/\/wurbex.com.pl\/ckz\/o-nas\/","og_site_name":"WURBEX CKZ","article_publisher":"https:\/\/www.facebook.com\/wurbex.ckz","article_modified_time":"2021-06-09T17:18:04+00:00","twitter_card":"summary_large_image","twitter_misc":{"Szacowany czas czytania":"1 minuta"},"schema":{"@context":"https:\/\/schema.org","@graph":[{"@type":"Organization","@id":"https:\/\/wurbex.com.pl\/ckz\/#organization","name":"Centrum Kszta\u0142cenia Zawodowego WURBEX","url":"https:\/\/wurbex.com.pl\/ckz\/","sameAs":["https:\/\/www.facebook.com\/wurbex.ckz"],"logo":{"@type":"ImageObject","inLanguage":"pl-PL","@id":"https:\/\/wurbex.com.pl\/ckz\/#\/schema\/logo\/image\/","url":"https:\/\/wurbex.com.pl\/ckz\/wp-content\/uploads\/2022\/04\/LOGO-BEZ-TLA.png","contentUrl":"https:\/\/wurbex.com.pl\/ckz\/wp-content\/uploads\/2022\/04\/LOGO-BEZ-TLA.png","width":500,"height":500,"caption":"Centrum Kszta\u0142cenia Zawodowego WURBEX"},"image":{"@id":"https:\/\/wurbex.com.pl\/ckz\/#\/schema\/logo\/image\/"}},{"@type":"WebSite","@id":"https:\/\/wurbex.com.pl\/ckz\/#website","url":"https:\/\/wurbex.com.pl\/ckz\/","name":"WURBEX CKZ","description":"Centrum Kszta\u0142cenia Zawodowego WURBEX Wadowice","publisher":{"@id":"https:\/\/wurbex.com.pl\/ckz\/#organization"},"potentialAction":[{"@type":"SearchAction","target":{"@type":"EntryPoint","urlTemplate":"https:\/\/wurbex.com.pl\/ckz\/?s={search_term_string}"},"query-input":"required name=search_term_string"}],"inLanguage":"pl-PL"},{"@type":"WebPage","@id":"https:\/\/wurbex.com.pl\/ckz\/o-nas\/#webpage","url":"https:\/\/wurbex.com.pl\/ckz\/o-nas\/","name":"O nas - WURBEX CKZ","isPartOf":{"@id":"https:\/\/wurbex.com.pl\/ckz\/#website"},"datePublished":"2020-04-26T09:33:14+00:00","dateModified":"2021-06-09T17:18:04+00:00","breadcrumb":{"@id":"https:\/\/wurbex.com.pl\/ckz\/o-nas\/#breadcrumb"},"inLanguage":"pl-PL","potentialAction":[{"@type":"ReadAction","target":["https:\/\/wurbex.com.pl\/ckz\/o-nas\/"]}]},{"@type":"BreadcrumbList","@id":"https:\/\/wurbex.com.pl\/ckz\/o-nas\/#breadcrumb","itemListElement":[{"@type":"ListItem","position":1,"name":"Strona g\u0142\u00f3wna","item":"https:\/\/wurbex.com.pl\/ckz\/"},{"@type":"ListItem","position":2,"name":"O nas"}]}]}},"_links":{"self":[{"href":"https:\/\/wurbex.com.pl\/ckz\/wp-json\/wp\/v2\/pages\/7"}],"collection":[{"href":"https:\/\/wurbex.com.pl\/ckz\/wp-json\/wp\/v2\/pages"}],"about":[{"href":"https:\/\/wurbex.com.pl\/ckz\/wp-json\/wp\/v2\/types\/page"}],"author":[{"embeddable":true,"href":"https:\/\/wurbex.com.pl\/ckz\/wp-json\/wp\/v2\/users\/1"}],"replies":[{"embeddable":true,"href":"https:\/\/wurbex.com.pl\/ckz\/wp-json\/wp\/v2\/comments?post=7"}],"version-history":[{"count":3,"href":"https:\/\/wurbex.com.pl\/ckz\/wp-json\/wp\/v2\/pages\/7\/revisions"}],"predecessor-version":[{"id":591,"href":"https:\/\/wurbex.com.pl\/ckz\/wp-json\/wp\/v2\/pages\/7\/revisions\/591"}],"wp:attachment":[{"href":"https:\/\/wurbex.com.pl\/ckz\/wp-json\/wp\/v2\/media?parent=7"}],"curies":[{"name":"wp","href":"https:\/\/api.w.org\/{rel}","templated":true}]}}