{"id":907,"date":"2021-10-28T07:11:31","date_gmt":"2021-10-28T07:11:31","guid":{"rendered":"https:\/\/wurbex.com.pl\/ckz\/?page_id=907"},"modified":"2021-11-03T14:46:20","modified_gmt":"2021-11-03T14:46:20","slug":"karty-upominkowe","status":"publish","type":"page","link":"https:\/\/wurbex.com.pl\/ckz\/karty-upominkowe\/","title":{"rendered":"Karty upominkowe"},"content":{"rendered":"\n<p class=\"has-vivid-red-color has-text-color\"><strong>Prezent inny ni\u017c wszystkie<\/strong><\/p>\n\n\n\n<p class=\"has-black-color has-text-color\"><strong>Szukasz pomys\u0142u na oryginalny i wyj\u0105tkowy prezent? Wybierz kart\u0119 podarunkow\u0105 na realizacj\u0119 dowolnego kursu z naszej oferty. Podaruj bliskiej osobie niepowtarzaln\u0105 szans\u0119 zdobycia nowych umiej\u0119tno\u015bci i cennej wiedzy. <\/strong><\/p>\n\n\n\n<p class=\"has-black-color has-text-color\"><strong>Na Miko\u0142aja, pod choink\u0119, na urodziny, czy po prostu bez okazji, zr\u00f3b bliskim prezent, kt\u00f3ry na pewno nie wyl\u0105duje na dnie szafy.<\/strong><\/p>\n\n\n\n<div class=\"wp-container-1 wp-block-group\"><div class=\"wp-block-group__inner-container\">\n<div class=\"wp-block-image\"><figure class=\"aligncenter size-large is-resized\"><img loading=\"lazy\" src=\"https:\/\/wurbex.com.pl\/ckz\/wp-content\/uploads\/2021\/11\/1-1024x726.jpg\" alt=\"\" class=\"wp-image-931\" width=\"634\" height=\"449\" srcset=\"https:\/\/wurbex.com.pl\/ckz\/wp-content\/uploads\/2021\/11\/1-1024x726.jpg 1024w, https:\/\/wurbex.com.pl\/ckz\/wp-content\/uploads\/2021\/11\/1-300x213.jpg 300w, https:\/\/wurbex.com.pl\/ckz\/wp-content\/uploads\/2021\/11\/1-600x426.jpg 600w, https:\/\/wurbex.com.pl\/ckz\/wp-content\/uploads\/2021\/11\/1-768x545.jpg 768w, https:\/\/wurbex.com.pl\/ckz\/wp-content\/uploads\/2021\/11\/1-1536x1090.jpg 1536w, https:\/\/wurbex.com.pl\/ckz\/wp-content\/uploads\/2021\/11\/1.jpg 1748w\" sizes=\"(max-width: 634px) 100vw, 634px\" \/><\/figure><\/div>\n\n\n\n<div class=\"wp-block-image\"><figure class=\"aligncenter size-large is-resized\"><img loading=\"lazy\" src=\"https:\/\/wurbex.com.pl\/ckz\/wp-content\/uploads\/2021\/11\/2-1024x726.jpg\" alt=\"\" class=\"wp-image-933\" width=\"638\" height=\"452\" srcset=\"https:\/\/wurbex.com.pl\/ckz\/wp-content\/uploads\/2021\/11\/2-1024x726.jpg 1024w, https:\/\/wurbex.com.pl\/ckz\/wp-content\/uploads\/2021\/11\/2-300x213.jpg 300w, https:\/\/wurbex.com.pl\/ckz\/wp-content\/uploads\/2021\/11\/2-600x426.jpg 600w, https:\/\/wurbex.com.pl\/ckz\/wp-content\/uploads\/2021\/11\/2-768x545.jpg 768w, https:\/\/wurbex.com.pl\/ckz\/wp-content\/uploads\/2021\/11\/2-1536x1090.jpg 1536w, https:\/\/wurbex.com.pl\/ckz\/wp-content\/uploads\/2021\/11\/2.jpg 1748w\" sizes=\"(max-width: 638px) 100vw, 638px\" \/><\/figure><\/div>\n\n\n\n<p><\/p>\n<\/div><\/div>\n\n\n\n<p class=\"has-vivid-red-color has-text-color\"><strong>Kart\u0119 podarunkow\u0105 mo\u017cna naby\u0107 w sekretariacie Centrum<\/strong><\/p>\n","protected":false},"excerpt":{"rendered":"<p>Prezent inny ni\u017c wszystkie Szukasz pomys\u0142u na oryginalny i wyj\u0105tkowy prezent? Wybierz kart\u0119 podarunkow\u0105 na realizacj\u0119 dowolnego kursu z naszej oferty. Podaruj bliskiej osobie niepowtarzaln\u0105 szans\u0119 zdobycia nowych umiej\u0119tno\u015bci i cennej wiedzy. Na Miko\u0142aja, pod choink\u0119, na urodziny, czy po prostu bez okazji, zr\u00f3b bliskim prezent, kt\u00f3ry na pewno nie wyl\u0105duje na dnie szafy. Kart\u0119 [&hellip;]<\/p>\n","protected":false},"author":2,"featured_media":0,"parent":0,"menu_order":0,"comment_status":"closed","ping_status":"closed","template":"","meta":{"spay_email":""},"yoast_head":"<!-- This site is optimized with the Yoast SEO plugin v18.8 - https:\/\/yoast.com\/wordpress\/plugins\/seo\/ -->\n<title>Karty upominkowe - WURBEX CKZ<\/title>\n<meta name=\"robots\" content=\"index, follow, max-snippet:-1, max-image-preview:large, max-video-preview:-1\" \/>\n<link rel=\"canonical\" href=\"https:\/\/wurbex.com.pl\/ckz\/karty-upominkowe\/\" \/>\n<meta property=\"og:locale\" content=\"pl_PL\" \/>\n<meta property=\"og:type\" content=\"article\" \/>\n<meta property=\"og:title\" content=\"Karty upominkowe - WURBEX CKZ\" \/>\n<meta property=\"og:description\" content=\"Prezent inny ni\u017c wszystkie Szukasz pomys\u0142u na oryginalny i wyj\u0105tkowy prezent? Wybierz kart\u0119 podarunkow\u0105 na realizacj\u0119 dowolnego kursu z naszej oferty. Podaruj bliskiej osobie niepowtarzaln\u0105 szans\u0119 zdobycia nowych umiej\u0119tno\u015bci i cennej wiedzy. Na Miko\u0142aja, pod choink\u0119, na urodziny, czy po prostu bez okazji, zr\u00f3b bliskim prezent, kt\u00f3ry na pewno nie wyl\u0105duje na dnie szafy. Kart\u0119 [&hellip;]\" \/>\n<meta property=\"og:url\" content=\"https:\/\/wurbex.com.pl\/ckz\/karty-upominkowe\/\" \/>\n<meta property=\"og:site_name\" content=\"WURBEX CKZ\" \/>\n<meta property=\"article:publisher\" content=\"https:\/\/www.facebook.com\/wurbex.ckz\" \/>\n<meta property=\"article:modified_time\" content=\"2021-11-03T14:46:20+00:00\" \/>\n<meta property=\"og:image\" content=\"https:\/\/wurbex.com.pl\/ckz\/wp-content\/uploads\/2021\/11\/1-1024x726.jpg\" \/>\n<meta name=\"twitter:card\" content=\"summary_large_image\" \/>\n<script type=\"application\/ld+json\" class=\"yoast-schema-graph\">{\"@context\":\"https:\/\/schema.org\",\"@graph\":[{\"@type\":\"Organization\",\"@id\":\"https:\/\/wurbex.com.pl\/ckz\/#organization\",\"name\":\"Centrum Kszta\u0142cenia Zawodowego WURBEX\",\"url\":\"https:\/\/wurbex.com.pl\/ckz\/\",\"sameAs\":[\"https:\/\/www.facebook.com\/wurbex.ckz\"],\"logo\":{\"@type\":\"ImageObject\",\"inLanguage\":\"pl-PL\",\"@id\":\"https:\/\/wurbex.com.pl\/ckz\/#\/schema\/logo\/image\/\",\"url\":\"https:\/\/wurbex.com.pl\/ckz\/wp-content\/uploads\/2022\/04\/LOGO-BEZ-TLA.png\",\"contentUrl\":\"https:\/\/wurbex.com.pl\/ckz\/wp-content\/uploads\/2022\/04\/LOGO-BEZ-TLA.png\",\"width\":500,\"height\":500,\"caption\":\"Centrum Kszta\u0142cenia Zawodowego WURBEX\"},\"image\":{\"@id\":\"https:\/\/wurbex.com.pl\/ckz\/#\/schema\/logo\/image\/\"}},{\"@type\":\"WebSite\",\"@id\":\"https:\/\/wurbex.com.pl\/ckz\/#website\",\"url\":\"https:\/\/wurbex.com.pl\/ckz\/\",\"name\":\"WURBEX CKZ\",\"description\":\"Centrum Kszta\u0142cenia Zawodowego WURBEX Wadowice\",\"publisher\":{\"@id\":\"https:\/\/wurbex.com.pl\/ckz\/#organization\"},\"potentialAction\":[{\"@type\":\"SearchAction\",\"target\":{\"@type\":\"EntryPoint\",\"urlTemplate\":\"https:\/\/wurbex.com.pl\/ckz\/?s={search_term_string}\"},\"query-input\":\"required name=search_term_string\"}],\"inLanguage\":\"pl-PL\"},{\"@type\":\"ImageObject\",\"inLanguage\":\"pl-PL\",\"@id\":\"https:\/\/wurbex.com.pl\/ckz\/karty-upominkowe\/#primaryimage\",\"url\":\"https:\/\/wurbex.com.pl\/ckz\/wp-content\/uploads\/2021\/11\/1.jpg\",\"contentUrl\":\"https:\/\/wurbex.com.pl\/ckz\/wp-content\/uploads\/2021\/11\/1.jpg\",\"width\":1748,\"height\":1240},{\"@type\":\"WebPage\",\"@id\":\"https:\/\/wurbex.com.pl\/ckz\/karty-upominkowe\/#webpage\",\"url\":\"https:\/\/wurbex.com.pl\/ckz\/karty-upominkowe\/\",\"name\":\"Karty upominkowe - WURBEX CKZ\",\"isPartOf\":{\"@id\":\"https:\/\/wurbex.com.pl\/ckz\/#website\"},\"primaryImageOfPage\":{\"@id\":\"https:\/\/wurbex.com.pl\/ckz\/karty-upominkowe\/#primaryimage\"},\"datePublished\":\"2021-10-28T07:11:31+00:00\",\"dateModified\":\"2021-11-03T14:46:20+00:00\",\"breadcrumb\":{\"@id\":\"https:\/\/wurbex.com.pl\/ckz\/karty-upominkowe\/#breadcrumb\"},\"inLanguage\":\"pl-PL\",\"potentialAction\":[{\"@type\":\"ReadAction\",\"target\":[\"https:\/\/wurbex.com.pl\/ckz\/karty-upominkowe\/\"]}]},{\"@type\":\"BreadcrumbList\",\"@id\":\"https:\/\/wurbex.com.pl\/ckz\/karty-upominkowe\/#breadcrumb\",\"itemListElement\":[{\"@type\":\"ListItem\",\"position\":1,\"name\":\"Strona g\u0142\u00f3wna\",\"item\":\"https:\/\/wurbex.com.pl\/ckz\/\"},{\"@type\":\"ListItem\",\"position\":2,\"name\":\"Karty upominkowe\"}]}]}<\/script>\n<!-- \/ Yoast SEO plugin. -->","yoast_head_json":{"title":"Karty upominkowe - WURBEX CKZ","robots":{"index":"index","follow":"follow","max-snippet":"max-snippet:-1","max-image-preview":"max-image-preview:large","max-video-preview":"max-video-preview:-1"},"canonical":"https:\/\/wurbex.com.pl\/ckz\/karty-upominkowe\/","og_locale":"pl_PL","og_type":"article","og_title":"Karty upominkowe - WURBEX CKZ","og_description":"Prezent inny ni\u017c wszystkie Szukasz pomys\u0142u na oryginalny i wyj\u0105tkowy prezent? Wybierz kart\u0119 podarunkow\u0105 na realizacj\u0119 dowolnego kursu z naszej oferty. Podaruj bliskiej osobie niepowtarzaln\u0105 szans\u0119 zdobycia nowych umiej\u0119tno\u015bci i cennej wiedzy. Na Miko\u0142aja, pod choink\u0119, na urodziny, czy po prostu bez okazji, zr\u00f3b bliskim prezent, kt\u00f3ry na pewno nie wyl\u0105duje na dnie szafy. Kart\u0119 [&hellip;]","og_url":"https:\/\/wurbex.com.pl\/ckz\/karty-upominkowe\/","og_site_name":"WURBEX CKZ","article_publisher":"https:\/\/www.facebook.com\/wurbex.ckz","article_modified_time":"2021-11-03T14:46:20+00:00","og_image":[{"url":"https:\/\/wurbex.com.pl\/ckz\/wp-content\/uploads\/2021\/11\/1-1024x726.jpg"}],"twitter_card":"summary_large_image","schema":{"@context":"https:\/\/schema.org","@graph":[{"@type":"Organization","@id":"https:\/\/wurbex.com.pl\/ckz\/#organization","name":"Centrum Kszta\u0142cenia Zawodowego WURBEX","url":"https:\/\/wurbex.com.pl\/ckz\/","sameAs":["https:\/\/www.facebook.com\/wurbex.ckz"],"logo":{"@type":"ImageObject","inLanguage":"pl-PL","@id":"https:\/\/wurbex.com.pl\/ckz\/#\/schema\/logo\/image\/","url":"https:\/\/wurbex.com.pl\/ckz\/wp-content\/uploads\/2022\/04\/LOGO-BEZ-TLA.png","contentUrl":"https:\/\/wurbex.com.pl\/ckz\/wp-content\/uploads\/2022\/04\/LOGO-BEZ-TLA.png","width":500,"height":500,"caption":"Centrum Kszta\u0142cenia Zawodowego WURBEX"},"image":{"@id":"https:\/\/wurbex.com.pl\/ckz\/#\/schema\/logo\/image\/"}},{"@type":"WebSite","@id":"https:\/\/wurbex.com.pl\/ckz\/#website","url":"https:\/\/wurbex.com.pl\/ckz\/","name":"WURBEX CKZ","description":"Centrum Kszta\u0142cenia Zawodowego WURBEX Wadowice","publisher":{"@id":"https:\/\/wurbex.com.pl\/ckz\/#organization"},"potentialAction":[{"@type":"SearchAction","target":{"@type":"EntryPoint","urlTemplate":"https:\/\/wurbex.com.pl\/ckz\/?s={search_term_string}"},"query-input":"required name=search_term_string"}],"inLanguage":"pl-PL"},{"@type":"ImageObject","inLanguage":"pl-PL","@id":"https:\/\/wurbex.com.pl\/ckz\/karty-upominkowe\/#primaryimage","url":"https:\/\/wurbex.com.pl\/ckz\/wp-content\/uploads\/2021\/11\/1.jpg","contentUrl":"https:\/\/wurbex.com.pl\/ckz\/wp-content\/uploads\/2021\/11\/1.jpg","width":1748,"height":1240},{"@type":"WebPage","@id":"https:\/\/wurbex.com.pl\/ckz\/karty-upominkowe\/#webpage","url":"https:\/\/wurbex.com.pl\/ckz\/karty-upominkowe\/","name":"Karty upominkowe - WURBEX CKZ","isPartOf":{"@id":"https:\/\/wurbex.com.pl\/ckz\/#website"},"primaryImageOfPage":{"@id":"https:\/\/wurbex.com.pl\/ckz\/karty-upominkowe\/#primaryimage"},"datePublished":"2021-10-28T07:11:31+00:00","dateModified":"2021-11-03T14:46:20+00:00","breadcrumb":{"@id":"https:\/\/wurbex.com.pl\/ckz\/karty-upominkowe\/#breadcrumb"},"inLanguage":"pl-PL","potentialAction":[{"@type":"ReadAction","target":["https:\/\/wurbex.com.pl\/ckz\/karty-upominkowe\/"]}]},{"@type":"BreadcrumbList","@id":"https:\/\/wurbex.com.pl\/ckz\/karty-upominkowe\/#breadcrumb","itemListElement":[{"@type":"ListItem","position":1,"name":"Strona g\u0142\u00f3wna","item":"https:\/\/wurbex.com.pl\/ckz\/"},{"@type":"ListItem","position":2,"name":"Karty upominkowe"}]}]}},"_links":{"self":[{"href":"https:\/\/wurbex.com.pl\/ckz\/wp-json\/wp\/v2\/pages\/907"}],"collection":[{"href":"https:\/\/wurbex.com.pl\/ckz\/wp-json\/wp\/v2\/pages"}],"about":[{"href":"https:\/\/wurbex.com.pl\/ckz\/wp-json\/wp\/v2\/types\/page"}],"author":[{"embeddable":true,"href":"https:\/\/wurbex.com.pl\/ckz\/wp-json\/wp\/v2\/users\/2"}],"replies":[{"embeddable":true,"href":"https:\/\/wurbex.com.pl\/ckz\/wp-json\/wp\/v2\/comments?post=907"}],"version-history":[{"count":6,"href":"https:\/\/wurbex.com.pl\/ckz\/wp-json\/wp\/v2\/pages\/907\/revisions"}],"predecessor-version":[{"id":938,"href":"https:\/\/wurbex.com.pl\/ckz\/wp-json\/wp\/v2\/pages\/907\/revisions\/938"}],"wp:attachment":[{"href":"https:\/\/wurbex.com.pl\/ckz\/wp-json\/wp\/v2\/media?parent=907"}],"curies":[{"name":"wp","href":"https:\/\/api.w.org\/{rel}","templated":true}]}}