{"id":1183,"date":"2022-04-25T12:37:33","date_gmt":"2022-04-25T12:37:33","guid":{"rendered":"https:\/\/wurbex.com.pl\/ckz\/produkt\/album\/"},"modified":"2025-02-24T19:41:57","modified_gmt":"2025-02-24T19:41:57","slug":"album","status":"publish","type":"product","link":"https:\/\/wurbex.com.pl\/ckz\/produkt\/album\/","title":{"rendered":"Szkolenie okresowe bhp dla pracodawc\u00f3w i os\u00f3b kieruj\u0105cych pracownikami"},"content":{"rendered":"<p id=\"yui_3_17_2_1_1650893182640_992\" align=\"center\"><strong>SZKOLENIE OKRESOWE W DZIEDZINIE BEZPIECZE\u0143STWA I HIGIENY PRACY <\/strong><\/p>\n<p align=\"center\"><strong>DLA PRACODAWC\u00d3W I INNYCH OS\u00d3B KIERUJ\u0104CYCH PRACOWNIKAMI<\/strong><\/p>\n<p>Celem szkolenia jest aktualizacja i uzupe\u0142nienie wiedzy i umiej\u0119tno\u015bci w szczeg\u00f3lno\u015bci z zakresu:<\/p>\n<p>a)\u00a0\u00a0\u00a0\u00a0\u00a0oceny zagro\u017ce\u0144 wyst\u0119puj\u0105cych w procesach pracy oraz ryzyka zwi\u0105zanego z tymi zagro\u017ceniami,<\/p>\n<p>b)\u00a0\u00a0\u00a0\u00a0\u00a0kszta\u0142towania bezpiecznych i higienicznych warunk\u00f3w pracy,<\/p>\n<p>c)\u00a0\u00a0\u00a0\u00a0\u00a0ochrony pracownik\u00f3w przed zagro\u017ceniami zwi\u0105zanymi z wykonywan\u0105 prac\u0105.<\/p>\n<p>&nbsp;<\/p>\n<p>Szkolenie jest przeznaczone dla:<\/p>\n<p>a)\u00a0\u00a0\u00a0\u00a0\u00a0pracodawc\u00f3w, w tym os\u00f3b kieruj\u0105cych przedsi\u0119biorstwami pa\u0144stwowymi, sp\u00f3\u0142kami, zak\u0142adami prywatnymi, urz\u0119dami, sp\u00f3\u0142dzielniami,<\/p>\n<p>b)\u00a0\u00a0\u00a0\u00a0\u00a0innych os\u00f3b kieruj\u0105cych pracownikami (mistrz\u00f3w, brygadzist\u00f3w, kierownik\u00f3w wydzia\u0142\u00f3w i innych kom\u00f3rek organizacyjnych).<\/p>\n","protected":false},"excerpt":{"rendered":"<p>Szkolenie okresowe bhp w formie e-learningowej dla pracodawc\u00f3w i innych os\u00f3b kieruj\u0105cych pracownikami.<\/p>\n<p>Dost\u0119p do platformy e-learningowej aktywny jest przez 90 dni od daty pierwszego logowania z mo\u017cliwo\u015bci\u0105 darmowego przed\u0142u\u017cenia.<\/p>\n<p>Po uko\u0144czeniu szkolenia uczestnik otrzymuje za\u015bwiadczenie MEN.<\/p>\n","protected":false},"featured_media":1184,"comment_status":"open","ping_status":"closed","template":"","meta":{"spay_email":""},"product_cat":[57],"product_tag":[67,72,71],"yoast_head":"<!-- This site is optimized with the Yoast SEO plugin v18.8 - https:\/\/yoast.com\/wordpress\/plugins\/seo\/ -->\n<title>Szkolenie okresowe bhp dla pracodawc\u00f3w i os\u00f3b kieruj\u0105cych pracownikami - WURBEX CKZ<\/title>\n<meta name=\"robots\" content=\"index, follow, max-snippet:-1, max-image-preview:large, max-video-preview:-1\" \/>\n<link rel=\"canonical\" href=\"https:\/\/wurbex.com.pl\/ckz\/produkt\/album\/\" \/>\n<meta property=\"og:locale\" content=\"pl_PL\" \/>\n<meta property=\"og:type\" content=\"article\" \/>\n<meta property=\"og:title\" content=\"Szkolenie okresowe bhp dla pracodawc\u00f3w i os\u00f3b kieruj\u0105cych pracownikami - WURBEX CKZ\" \/>\n<meta property=\"og:description\" content=\"Szkolenie okresowe bhp w formie e-learningowej dla pracodawc\u00f3w i innych os\u00f3b kieruj\u0105cych pracownikami.  Dost\u0119p do platformy e-learningowej aktywny jest przez 90 dni od daty pierwszego logowania z mo\u017cliwo\u015bci\u0105 darmowego przed\u0142u\u017cenia.  Po uko\u0144czeniu szkolenia uczestnik otrzymuje za\u015bwiadczenie MEN.\" \/>\n<meta property=\"og:url\" content=\"https:\/\/wurbex.com.pl\/ckz\/produkt\/album\/\" \/>\n<meta property=\"og:site_name\" content=\"WURBEX CKZ\" \/>\n<meta property=\"article:publisher\" content=\"https:\/\/www.facebook.com\/wurbex.ckz\" \/>\n<meta property=\"article:modified_time\" content=\"2025-02-24T19:41:57+00:00\" \/>\n<meta property=\"og:image\" content=\"https:\/\/wurbex.com.pl\/ckz\/wp-content\/uploads\/2022\/04\/PRACODAWCA-BHP.png\" \/>\n\t<meta property=\"og:image:width\" content=\"2050\" \/>\n\t<meta property=\"og:image:height\" content=\"780\" \/>\n\t<meta property=\"og:image:type\" content=\"image\/png\" \/>\n<meta name=\"twitter:card\" content=\"summary_large_image\" \/>\n<meta name=\"twitter:label1\" content=\"Szacowany czas czytania\" \/>\n\t<meta name=\"twitter:data1\" content=\"1 minuta\" \/>\n<script type=\"application\/ld+json\" class=\"yoast-schema-graph\">{\"@context\":\"https:\/\/schema.org\",\"@graph\":[{\"@type\":\"Organization\",\"@id\":\"https:\/\/wurbex.com.pl\/ckz\/#organization\",\"name\":\"Centrum Kszta\u0142cenia Zawodowego WURBEX\",\"url\":\"https:\/\/wurbex.com.pl\/ckz\/\",\"sameAs\":[\"https:\/\/www.facebook.com\/wurbex.ckz\"],\"logo\":{\"@type\":\"ImageObject\",\"inLanguage\":\"pl-PL\",\"@id\":\"https:\/\/wurbex.com.pl\/ckz\/#\/schema\/logo\/image\/\",\"url\":\"https:\/\/wurbex.com.pl\/ckz\/wp-content\/uploads\/2022\/04\/LOGO-BEZ-TLA.png\",\"contentUrl\":\"https:\/\/wurbex.com.pl\/ckz\/wp-content\/uploads\/2022\/04\/LOGO-BEZ-TLA.png\",\"width\":500,\"height\":500,\"caption\":\"Centrum Kszta\u0142cenia Zawodowego WURBEX\"},\"image\":{\"@id\":\"https:\/\/wurbex.com.pl\/ckz\/#\/schema\/logo\/image\/\"}},{\"@type\":\"WebSite\",\"@id\":\"https:\/\/wurbex.com.pl\/ckz\/#website\",\"url\":\"https:\/\/wurbex.com.pl\/ckz\/\",\"name\":\"WURBEX CKZ\",\"description\":\"Centrum Kszta\u0142cenia Zawodowego WURBEX Wadowice\",\"publisher\":{\"@id\":\"https:\/\/wurbex.com.pl\/ckz\/#organization\"},\"potentialAction\":[{\"@type\":\"SearchAction\",\"target\":{\"@type\":\"EntryPoint\",\"urlTemplate\":\"https:\/\/wurbex.com.pl\/ckz\/?s={search_term_string}\"},\"query-input\":\"required name=search_term_string\"}],\"inLanguage\":\"pl-PL\"},{\"@type\":\"ImageObject\",\"inLanguage\":\"pl-PL\",\"@id\":\"https:\/\/wurbex.com.pl\/ckz\/produkt\/album\/#primaryimage\",\"url\":\"https:\/\/wurbex.com.pl\/ckz\/wp-content\/uploads\/2022\/04\/PRACODAWCA-BHP.png\",\"contentUrl\":\"https:\/\/wurbex.com.pl\/ckz\/wp-content\/uploads\/2022\/04\/PRACODAWCA-BHP.png\",\"width\":2050,\"height\":780},{\"@type\":\"WebPage\",\"@id\":\"https:\/\/wurbex.com.pl\/ckz\/produkt\/album\/#webpage\",\"url\":\"https:\/\/wurbex.com.pl\/ckz\/produkt\/album\/\",\"name\":\"Szkolenie okresowe bhp dla pracodawc\u00f3w i os\u00f3b kieruj\u0105cych pracownikami - WURBEX CKZ\",\"isPartOf\":{\"@id\":\"https:\/\/wurbex.com.pl\/ckz\/#website\"},\"primaryImageOfPage\":{\"@id\":\"https:\/\/wurbex.com.pl\/ckz\/produkt\/album\/#primaryimage\"},\"datePublished\":\"2022-04-25T12:37:33+00:00\",\"dateModified\":\"2025-02-24T19:41:57+00:00\",\"breadcrumb\":{\"@id\":\"https:\/\/wurbex.com.pl\/ckz\/produkt\/album\/#breadcrumb\"},\"inLanguage\":\"pl-PL\",\"potentialAction\":[{\"@type\":\"ReadAction\",\"target\":[\"https:\/\/wurbex.com.pl\/ckz\/produkt\/album\/\"]}]},{\"@type\":\"BreadcrumbList\",\"@id\":\"https:\/\/wurbex.com.pl\/ckz\/produkt\/album\/#breadcrumb\",\"itemListElement\":[{\"@type\":\"ListItem\",\"position\":1,\"name\":\"Strona g\u0142\u00f3wna\",\"item\":\"https:\/\/wurbex.com.pl\/ckz\/\"},{\"@type\":\"ListItem\",\"position\":2,\"name\":\"Sklep\",\"item\":\"https:\/\/wurbex.com.pl\/ckz\/sklep\/\"},{\"@type\":\"ListItem\",\"position\":3,\"name\":\"Szkolenie okresowe bhp dla pracodawc\u00f3w i os\u00f3b kieruj\u0105cych pracownikami\"}]}]}<\/script>\n<!-- \/ Yoast SEO plugin. -->","yoast_head_json":{"title":"Szkolenie okresowe bhp dla pracodawc\u00f3w i os\u00f3b kieruj\u0105cych pracownikami - WURBEX CKZ","robots":{"index":"index","follow":"follow","max-snippet":"max-snippet:-1","max-image-preview":"max-image-preview:large","max-video-preview":"max-video-preview:-1"},"canonical":"https:\/\/wurbex.com.pl\/ckz\/produkt\/album\/","og_locale":"pl_PL","og_type":"article","og_title":"Szkolenie okresowe bhp dla pracodawc\u00f3w i os\u00f3b kieruj\u0105cych pracownikami - WURBEX CKZ","og_description":"Szkolenie okresowe bhp w formie e-learningowej dla pracodawc\u00f3w i innych os\u00f3b kieruj\u0105cych pracownikami.  Dost\u0119p do platformy e-learningowej aktywny jest przez 90 dni od daty pierwszego logowania z mo\u017cliwo\u015bci\u0105 darmowego przed\u0142u\u017cenia.  Po uko\u0144czeniu szkolenia uczestnik otrzymuje za\u015bwiadczenie MEN.","og_url":"https:\/\/wurbex.com.pl\/ckz\/produkt\/album\/","og_site_name":"WURBEX CKZ","article_publisher":"https:\/\/www.facebook.com\/wurbex.ckz","article_modified_time":"2025-02-24T19:41:57+00:00","og_image":[{"width":2050,"height":780,"url":"https:\/\/wurbex.com.pl\/ckz\/wp-content\/uploads\/2022\/04\/PRACODAWCA-BHP.png","type":"image\/png"}],"twitter_card":"summary_large_image","twitter_misc":{"Szacowany czas czytania":"1 minuta"},"schema":{"@context":"https:\/\/schema.org","@graph":[{"@type":"Organization","@id":"https:\/\/wurbex.com.pl\/ckz\/#organization","name":"Centrum Kszta\u0142cenia Zawodowego WURBEX","url":"https:\/\/wurbex.com.pl\/ckz\/","sameAs":["https:\/\/www.facebook.com\/wurbex.ckz"],"logo":{"@type":"ImageObject","inLanguage":"pl-PL","@id":"https:\/\/wurbex.com.pl\/ckz\/#\/schema\/logo\/image\/","url":"https:\/\/wurbex.com.pl\/ckz\/wp-content\/uploads\/2022\/04\/LOGO-BEZ-TLA.png","contentUrl":"https:\/\/wurbex.com.pl\/ckz\/wp-content\/uploads\/2022\/04\/LOGO-BEZ-TLA.png","width":500,"height":500,"caption":"Centrum Kszta\u0142cenia Zawodowego WURBEX"},"image":{"@id":"https:\/\/wurbex.com.pl\/ckz\/#\/schema\/logo\/image\/"}},{"@type":"WebSite","@id":"https:\/\/wurbex.com.pl\/ckz\/#website","url":"https:\/\/wurbex.com.pl\/ckz\/","name":"WURBEX CKZ","description":"Centrum Kszta\u0142cenia Zawodowego WURBEX Wadowice","publisher":{"@id":"https:\/\/wurbex.com.pl\/ckz\/#organization"},"potentialAction":[{"@type":"SearchAction","target":{"@type":"EntryPoint","urlTemplate":"https:\/\/wurbex.com.pl\/ckz\/?s={search_term_string}"},"query-input":"required name=search_term_string"}],"inLanguage":"pl-PL"},{"@type":"ImageObject","inLanguage":"pl-PL","@id":"https:\/\/wurbex.com.pl\/ckz\/produkt\/album\/#primaryimage","url":"https:\/\/wurbex.com.pl\/ckz\/wp-content\/uploads\/2022\/04\/PRACODAWCA-BHP.png","contentUrl":"https:\/\/wurbex.com.pl\/ckz\/wp-content\/uploads\/2022\/04\/PRACODAWCA-BHP.png","width":2050,"height":780},{"@type":"WebPage","@id":"https:\/\/wurbex.com.pl\/ckz\/produkt\/album\/#webpage","url":"https:\/\/wurbex.com.pl\/ckz\/produkt\/album\/","name":"Szkolenie okresowe bhp dla pracodawc\u00f3w i os\u00f3b kieruj\u0105cych pracownikami - WURBEX CKZ","isPartOf":{"@id":"https:\/\/wurbex.com.pl\/ckz\/#website"},"primaryImageOfPage":{"@id":"https:\/\/wurbex.com.pl\/ckz\/produkt\/album\/#primaryimage"},"datePublished":"2022-04-25T12:37:33+00:00","dateModified":"2025-02-24T19:41:57+00:00","breadcrumb":{"@id":"https:\/\/wurbex.com.pl\/ckz\/produkt\/album\/#breadcrumb"},"inLanguage":"pl-PL","potentialAction":[{"@type":"ReadAction","target":["https:\/\/wurbex.com.pl\/ckz\/produkt\/album\/"]}]},{"@type":"BreadcrumbList","@id":"https:\/\/wurbex.com.pl\/ckz\/produkt\/album\/#breadcrumb","itemListElement":[{"@type":"ListItem","position":1,"name":"Strona g\u0142\u00f3wna","item":"https:\/\/wurbex.com.pl\/ckz\/"},{"@type":"ListItem","position":2,"name":"Sklep","item":"https:\/\/wurbex.com.pl\/ckz\/sklep\/"},{"@type":"ListItem","position":3,"name":"Szkolenie okresowe bhp dla pracodawc\u00f3w i os\u00f3b kieruj\u0105cych pracownikami"}]}]}},"_links":{"self":[{"href":"https:\/\/wurbex.com.pl\/ckz\/wp-json\/wp\/v2\/product\/1183"}],"collection":[{"href":"https:\/\/wurbex.com.pl\/ckz\/wp-json\/wp\/v2\/product"}],"about":[{"href":"https:\/\/wurbex.com.pl\/ckz\/wp-json\/wp\/v2\/types\/product"}],"replies":[{"embeddable":true,"href":"https:\/\/wurbex.com.pl\/ckz\/wp-json\/wp\/v2\/comments?post=1183"}],"wp:featuredmedia":[{"embeddable":true,"href":"https:\/\/wurbex.com.pl\/ckz\/wp-json\/wp\/v2\/media\/1184"}],"wp:attachment":[{"href":"https:\/\/wurbex.com.pl\/ckz\/wp-json\/wp\/v2\/media?parent=1183"}],"wp:term":[{"taxonomy":"product_cat","embeddable":true,"href":"https:\/\/wurbex.com.pl\/ckz\/wp-json\/wp\/v2\/product_cat?post=1183"},{"taxonomy":"product_tag","embeddable":true,"href":"https:\/\/wurbex.com.pl\/ckz\/wp-json\/wp\/v2\/product_tag?post=1183"}],"curies":[{"name":"wp","href":"https:\/\/api.w.org\/{rel}","templated":true}]}}