{"id":1923,"date":"2026-01-05T11:16:47","date_gmt":"2026-01-05T11:16:47","guid":{"rendered":"https:\/\/wurbex.com.pl\/ckz\/?post_type=product&#038;p=1923"},"modified":"2026-01-05T11:41:13","modified_gmt":"2026-01-05T11:41:13","slug":"sztuczna-inteligencja-w-edukacji-szkolenie-online","status":"publish","type":"product","link":"https:\/\/wurbex.com.pl\/ckz\/produkt\/sztuczna-inteligencja-w-edukacji-szkolenie-online\/","title":{"rendered":"SZTUCZNA INTELIGENCJA W PRACY NAUCZYCIELA          (I NIE TYLKO)"},"content":{"rendered":"<p>Odkryj, jak sztuczna inteligencja mo\u017ce u\u0142atwi\u0107 Twoj\u0105 prac\u0119! Naucz si\u0119 tworzy\u0107 materia\u0142y szybciej, automatyzowa\u0107 powtarzalne zadania i wykorzysta\u0107 AI do wspierania nauczania oraz rozwoju w\u0142asnych kompetencji cyfrowych. Dowiedz si\u0119 jak w pe\u0142ni wykorzysta\u0107 potencja\u0142 nowoczesnych narz\u0119dzi.<\/p>\n<p>Kurs w formie wideo podzielony zosta\u0142 na 6 cz\u0119\u015bci umieszczonych na platformie e-learningowej.<\/p>\n<p>Dost\u0119p do kursu na platformie e-learningowej aktywny jest przez 90 dni od daty pierwszego logowania z mo\u017cliwo\u015bci\u0105 darmowego przed\u0142u\u017cenia.<\/p>\n<p>W ci\u0105gu 3 dni roboczych od zalogowania na platformie e-learningowej kursant otrzymuje certyfikat potwierdzaj\u0105cy odbycie kursu. Certyfikat przesy\u0142am jest drog\u0105 elektroniczn\u0105 na podany przy logowaniu adres mailowy.<\/p>\n","protected":false},"excerpt":{"rendered":"<p>Odkryj, jak sztuczna inteligencja mo\u017ce u\u0142atwi\u0107 Twoj\u0105 prac\u0119! Naucz si\u0119 tworzy\u0107 materia\u0142y szybciej, automatyzowa\u0107 powtarzalne zadania i wykorzysta\u0107 AI do wspierania nauczania oraz rozwoju w\u0142asnych kompetencji cyfrowych. Dowiedz si\u0119 jak w pe\u0142ni wykorzysta\u0107 potencja\u0142 nowoczesnych narz\u0119dzi. Kurs w formie wideo podzielony zosta\u0142 na 6 cz\u0119\u015bci umieszczonych na platformie e-learningowej. Dost\u0119p do kursu na platformie e-learningowej [&hellip;]<\/p>\n","protected":false},"featured_media":1924,"comment_status":"closed","ping_status":"closed","template":"","meta":{"spay_email":""},"product_cat":[70],"product_tag":[87,88,86],"yoast_head":"<!-- This site is optimized with the Yoast SEO plugin v18.8 - https:\/\/yoast.com\/wordpress\/plugins\/seo\/ -->\n<title>Kurs online sztuczna inteligencja w edukacji - zastosowanie AI w pracy<\/title>\n<meta name=\"description\" content=\"Odkryj, jak sztuczna inteligencja mo\u017ce u\u0142atwi\u0107 Twoj\u0105 prac\u0119! Szkolenie AI online\" \/>\n<meta name=\"robots\" content=\"index, follow, max-snippet:-1, max-image-preview:large, max-video-preview:-1\" \/>\n<link rel=\"canonical\" href=\"https:\/\/wurbex.com.pl\/ckz\/produkt\/sztuczna-inteligencja-w-edukacji-szkolenie-online\/\" \/>\n<meta property=\"og:locale\" content=\"pl_PL\" \/>\n<meta property=\"og:type\" content=\"article\" \/>\n<meta property=\"og:title\" content=\"Zastosowanie AI w edukacji\" \/>\n<meta property=\"og:description\" content=\"Odkryj, jak sztuczna inteligencja mo\u017ce u\u0142atwi\u0107 Twoj\u0105 prac\u0119! Naucz si\u0119 tworzy\u0107 materia\u0142y szybciej, automatyzowa\u0107 powtarzalne zadania i wykorzysta\u0107 AI do wspierania nauczania oraz rozwoju w\u0142asnych kompetencji cyfrowych. Dowiedz si\u0119 jak w pe\u0142ni wykorzysta\u0107 potencja\u0142 nowoczesnych narz\u0119dzi.\" \/>\n<meta property=\"og:url\" content=\"https:\/\/wurbex.com.pl\/ckz\/produkt\/sztuczna-inteligencja-w-edukacji-szkolenie-online\/\" \/>\n<meta property=\"og:site_name\" content=\"WURBEX CKZ\" \/>\n<meta property=\"article:publisher\" content=\"https:\/\/www.facebook.com\/wurbex.ckz\" \/>\n<meta property=\"article:modified_time\" content=\"2026-01-05T11:41:13+00:00\" \/>\n<meta property=\"og:image\" content=\"https:\/\/wurbex.com.pl\/ckz\/wp-content\/uploads\/2026\/01\/Kopia-\u2013-BHP-A-SK-nauczyciele-3.png\" \/>\n\t<meta property=\"og:image:width\" content=\"2050\" \/>\n\t<meta property=\"og:image:height\" content=\"780\" \/>\n\t<meta property=\"og:image:type\" content=\"image\/png\" \/>\n<meta name=\"twitter:card\" content=\"summary_large_image\" \/>\n<meta name=\"twitter:label1\" content=\"Szacowany czas czytania\" \/>\n\t<meta name=\"twitter:data1\" content=\"1 minuta\" \/>\n<script type=\"application\/ld+json\" class=\"yoast-schema-graph\">{\"@context\":\"https:\/\/schema.org\",\"@graph\":[{\"@type\":\"Organization\",\"@id\":\"https:\/\/wurbex.com.pl\/ckz\/#organization\",\"name\":\"Centrum Kszta\u0142cenia Zawodowego WURBEX\",\"url\":\"https:\/\/wurbex.com.pl\/ckz\/\",\"sameAs\":[\"https:\/\/www.facebook.com\/wurbex.ckz\"],\"logo\":{\"@type\":\"ImageObject\",\"inLanguage\":\"pl-PL\",\"@id\":\"https:\/\/wurbex.com.pl\/ckz\/#\/schema\/logo\/image\/\",\"url\":\"https:\/\/wurbex.com.pl\/ckz\/wp-content\/uploads\/2022\/04\/LOGO-BEZ-TLA.png\",\"contentUrl\":\"https:\/\/wurbex.com.pl\/ckz\/wp-content\/uploads\/2022\/04\/LOGO-BEZ-TLA.png\",\"width\":500,\"height\":500,\"caption\":\"Centrum Kszta\u0142cenia Zawodowego WURBEX\"},\"image\":{\"@id\":\"https:\/\/wurbex.com.pl\/ckz\/#\/schema\/logo\/image\/\"}},{\"@type\":\"WebSite\",\"@id\":\"https:\/\/wurbex.com.pl\/ckz\/#website\",\"url\":\"https:\/\/wurbex.com.pl\/ckz\/\",\"name\":\"WURBEX CKZ\",\"description\":\"Centrum Kszta\u0142cenia Zawodowego WURBEX Wadowice\",\"publisher\":{\"@id\":\"https:\/\/wurbex.com.pl\/ckz\/#organization\"},\"potentialAction\":[{\"@type\":\"SearchAction\",\"target\":{\"@type\":\"EntryPoint\",\"urlTemplate\":\"https:\/\/wurbex.com.pl\/ckz\/?s={search_term_string}\"},\"query-input\":\"required name=search_term_string\"}],\"inLanguage\":\"pl-PL\"},{\"@type\":\"ImageObject\",\"inLanguage\":\"pl-PL\",\"@id\":\"https:\/\/wurbex.com.pl\/ckz\/produkt\/sztuczna-inteligencja-w-edukacji-szkolenie-online\/#primaryimage\",\"url\":\"https:\/\/wurbex.com.pl\/ckz\/wp-content\/uploads\/2026\/01\/Kopia-\u2013-BHP-A-SK-nauczyciele-3.png\",\"contentUrl\":\"https:\/\/wurbex.com.pl\/ckz\/wp-content\/uploads\/2026\/01\/Kopia-\u2013-BHP-A-SK-nauczyciele-3.png\",\"width\":2050,\"height\":780,\"caption\":\"sztuczna inteligencja\"},{\"@type\":\"WebPage\",\"@id\":\"https:\/\/wurbex.com.pl\/ckz\/produkt\/sztuczna-inteligencja-w-edukacji-szkolenie-online\/#webpage\",\"url\":\"https:\/\/wurbex.com.pl\/ckz\/produkt\/sztuczna-inteligencja-w-edukacji-szkolenie-online\/\",\"name\":\"Kurs online sztuczna inteligencja w edukacji - zastosowanie AI w pracy\",\"isPartOf\":{\"@id\":\"https:\/\/wurbex.com.pl\/ckz\/#website\"},\"primaryImageOfPage\":{\"@id\":\"https:\/\/wurbex.com.pl\/ckz\/produkt\/sztuczna-inteligencja-w-edukacji-szkolenie-online\/#primaryimage\"},\"datePublished\":\"2026-01-05T11:16:47+00:00\",\"dateModified\":\"2026-01-05T11:41:13+00:00\",\"description\":\"Odkryj, jak sztuczna inteligencja mo\u017ce u\u0142atwi\u0107 Twoj\u0105 prac\u0119! Szkolenie AI online\",\"breadcrumb\":{\"@id\":\"https:\/\/wurbex.com.pl\/ckz\/produkt\/sztuczna-inteligencja-w-edukacji-szkolenie-online\/#breadcrumb\"},\"inLanguage\":\"pl-PL\",\"potentialAction\":[{\"@type\":\"ReadAction\",\"target\":[\"https:\/\/wurbex.com.pl\/ckz\/produkt\/sztuczna-inteligencja-w-edukacji-szkolenie-online\/\"]}]},{\"@type\":\"BreadcrumbList\",\"@id\":\"https:\/\/wurbex.com.pl\/ckz\/produkt\/sztuczna-inteligencja-w-edukacji-szkolenie-online\/#breadcrumb\",\"itemListElement\":[{\"@type\":\"ListItem\",\"position\":1,\"name\":\"Strona g\u0142\u00f3wna\",\"item\":\"https:\/\/wurbex.com.pl\/ckz\/\"},{\"@type\":\"ListItem\",\"position\":2,\"name\":\"Sklep\",\"item\":\"https:\/\/wurbex.com.pl\/ckz\/sklep\/\"},{\"@type\":\"ListItem\",\"position\":3,\"name\":\"SZTUCZNA INTELIGENCJA W PRACY NAUCZYCIELA (I NIE TYLKO)\"}]}]}<\/script>\n<!-- \/ Yoast SEO plugin. -->","yoast_head_json":{"title":"Kurs online sztuczna inteligencja w edukacji - zastosowanie AI w pracy","description":"Odkryj, jak sztuczna inteligencja mo\u017ce u\u0142atwi\u0107 Twoj\u0105 prac\u0119! Szkolenie AI online","robots":{"index":"index","follow":"follow","max-snippet":"max-snippet:-1","max-image-preview":"max-image-preview:large","max-video-preview":"max-video-preview:-1"},"canonical":"https:\/\/wurbex.com.pl\/ckz\/produkt\/sztuczna-inteligencja-w-edukacji-szkolenie-online\/","og_locale":"pl_PL","og_type":"article","og_title":"Zastosowanie AI w edukacji","og_description":"Odkryj, jak sztuczna inteligencja mo\u017ce u\u0142atwi\u0107 Twoj\u0105 prac\u0119! Naucz si\u0119 tworzy\u0107 materia\u0142y szybciej, automatyzowa\u0107 powtarzalne zadania i wykorzysta\u0107 AI do wspierania nauczania oraz rozwoju w\u0142asnych kompetencji cyfrowych. Dowiedz si\u0119 jak w pe\u0142ni wykorzysta\u0107 potencja\u0142 nowoczesnych narz\u0119dzi.","og_url":"https:\/\/wurbex.com.pl\/ckz\/produkt\/sztuczna-inteligencja-w-edukacji-szkolenie-online\/","og_site_name":"WURBEX CKZ","article_publisher":"https:\/\/www.facebook.com\/wurbex.ckz","article_modified_time":"2026-01-05T11:41:13+00:00","og_image":[{"width":2050,"height":780,"url":"https:\/\/wurbex.com.pl\/ckz\/wp-content\/uploads\/2026\/01\/Kopia-\u2013-BHP-A-SK-nauczyciele-3.png","type":"image\/png"}],"twitter_card":"summary_large_image","twitter_misc":{"Szacowany czas czytania":"1 minuta"},"schema":{"@context":"https:\/\/schema.org","@graph":[{"@type":"Organization","@id":"https:\/\/wurbex.com.pl\/ckz\/#organization","name":"Centrum Kszta\u0142cenia Zawodowego WURBEX","url":"https:\/\/wurbex.com.pl\/ckz\/","sameAs":["https:\/\/www.facebook.com\/wurbex.ckz"],"logo":{"@type":"ImageObject","inLanguage":"pl-PL","@id":"https:\/\/wurbex.com.pl\/ckz\/#\/schema\/logo\/image\/","url":"https:\/\/wurbex.com.pl\/ckz\/wp-content\/uploads\/2022\/04\/LOGO-BEZ-TLA.png","contentUrl":"https:\/\/wurbex.com.pl\/ckz\/wp-content\/uploads\/2022\/04\/LOGO-BEZ-TLA.png","width":500,"height":500,"caption":"Centrum Kszta\u0142cenia Zawodowego WURBEX"},"image":{"@id":"https:\/\/wurbex.com.pl\/ckz\/#\/schema\/logo\/image\/"}},{"@type":"WebSite","@id":"https:\/\/wurbex.com.pl\/ckz\/#website","url":"https:\/\/wurbex.com.pl\/ckz\/","name":"WURBEX CKZ","description":"Centrum Kszta\u0142cenia Zawodowego WURBEX Wadowice","publisher":{"@id":"https:\/\/wurbex.com.pl\/ckz\/#organization"},"potentialAction":[{"@type":"SearchAction","target":{"@type":"EntryPoint","urlTemplate":"https:\/\/wurbex.com.pl\/ckz\/?s={search_term_string}"},"query-input":"required name=search_term_string"}],"inLanguage":"pl-PL"},{"@type":"ImageObject","inLanguage":"pl-PL","@id":"https:\/\/wurbex.com.pl\/ckz\/produkt\/sztuczna-inteligencja-w-edukacji-szkolenie-online\/#primaryimage","url":"https:\/\/wurbex.com.pl\/ckz\/wp-content\/uploads\/2026\/01\/Kopia-\u2013-BHP-A-SK-nauczyciele-3.png","contentUrl":"https:\/\/wurbex.com.pl\/ckz\/wp-content\/uploads\/2026\/01\/Kopia-\u2013-BHP-A-SK-nauczyciele-3.png","width":2050,"height":780,"caption":"sztuczna inteligencja"},{"@type":"WebPage","@id":"https:\/\/wurbex.com.pl\/ckz\/produkt\/sztuczna-inteligencja-w-edukacji-szkolenie-online\/#webpage","url":"https:\/\/wurbex.com.pl\/ckz\/produkt\/sztuczna-inteligencja-w-edukacji-szkolenie-online\/","name":"Kurs online sztuczna inteligencja w edukacji - zastosowanie AI w pracy","isPartOf":{"@id":"https:\/\/wurbex.com.pl\/ckz\/#website"},"primaryImageOfPage":{"@id":"https:\/\/wurbex.com.pl\/ckz\/produkt\/sztuczna-inteligencja-w-edukacji-szkolenie-online\/#primaryimage"},"datePublished":"2026-01-05T11:16:47+00:00","dateModified":"2026-01-05T11:41:13+00:00","description":"Odkryj, jak sztuczna inteligencja mo\u017ce u\u0142atwi\u0107 Twoj\u0105 prac\u0119! Szkolenie AI online","breadcrumb":{"@id":"https:\/\/wurbex.com.pl\/ckz\/produkt\/sztuczna-inteligencja-w-edukacji-szkolenie-online\/#breadcrumb"},"inLanguage":"pl-PL","potentialAction":[{"@type":"ReadAction","target":["https:\/\/wurbex.com.pl\/ckz\/produkt\/sztuczna-inteligencja-w-edukacji-szkolenie-online\/"]}]},{"@type":"BreadcrumbList","@id":"https:\/\/wurbex.com.pl\/ckz\/produkt\/sztuczna-inteligencja-w-edukacji-szkolenie-online\/#breadcrumb","itemListElement":[{"@type":"ListItem","position":1,"name":"Strona g\u0142\u00f3wna","item":"https:\/\/wurbex.com.pl\/ckz\/"},{"@type":"ListItem","position":2,"name":"Sklep","item":"https:\/\/wurbex.com.pl\/ckz\/sklep\/"},{"@type":"ListItem","position":3,"name":"SZTUCZNA INTELIGENCJA W PRACY NAUCZYCIELA (I NIE TYLKO)"}]}]}},"_links":{"self":[{"href":"https:\/\/wurbex.com.pl\/ckz\/wp-json\/wp\/v2\/product\/1923"}],"collection":[{"href":"https:\/\/wurbex.com.pl\/ckz\/wp-json\/wp\/v2\/product"}],"about":[{"href":"https:\/\/wurbex.com.pl\/ckz\/wp-json\/wp\/v2\/types\/product"}],"replies":[{"embeddable":true,"href":"https:\/\/wurbex.com.pl\/ckz\/wp-json\/wp\/v2\/comments?post=1923"}],"wp:featuredmedia":[{"embeddable":true,"href":"https:\/\/wurbex.com.pl\/ckz\/wp-json\/wp\/v2\/media\/1924"}],"wp:attachment":[{"href":"https:\/\/wurbex.com.pl\/ckz\/wp-json\/wp\/v2\/media?parent=1923"}],"wp:term":[{"taxonomy":"product_cat","embeddable":true,"href":"https:\/\/wurbex.com.pl\/ckz\/wp-json\/wp\/v2\/product_cat?post=1923"},{"taxonomy":"product_tag","embeddable":true,"href":"https:\/\/wurbex.com.pl\/ckz\/wp-json\/wp\/v2\/product_tag?post=1923"}],"curies":[{"name":"wp","href":"https:\/\/api.w.org\/{rel}","templated":true}]}}